rue
Is (-12 - (-10 + 6)) + 165630/(-6)*-39 prime?
True
Let l(k) = 203*k - 13. Let c(y) = 2*y - 8. Suppose -4*o = 2*p - 18, -21 = -3*o - 0*p + p. Let d be c(o). Is l(d) prime?
False
Let w be (-813)/(-1)*((-16)/(-4) + -9). Let d = -1066 - w. Is d composite?
False
Let g = 28 + 34. Let x be (6 + (-2)/(-2))/((-22)/(-946)). Let o = x - g. Is o a prime number?
True
Let f(i) = -i**3 - 17*i**2 + 36*i - 8. Let k be f(-19). Suppose 64 + k = 2*z. Is z a prime number?
True
Suppose 0 = -r + 3*s - 12, 2*r - 3*r - s - 8 = 0. Let a(n) = -n**3 + 16*n**2 + 3*n - 21. Is a(r) a composite number?
True
Suppose 3*i + 2*i = -3*p - 263, -184 = 2*p - i. Let f = p - -96. Suppose 2*t - 300 = -4*o + 442, -3*o + 550 = -f*t. Is o a composite number?
True
Let b(a) = -14291*a - 219. Is b(-2) composite?
True
Let g = -100 + 102. Let h be -33*(-28 + 0) + g. Let a = h + -635. Is a prime?
False
Let o be -2 + 130/18 - 10/45. Suppose 0 = -o*l + 7*l - 4. Suppose -5*t + 1098 = 5*r - 157, l*t = -5*r + 1264. Is r a prime number?
False
Let f = -73 + 78. Suppose -y = y + f*a - 69, 0 = -y - 4*a + 30. Suppose -37*g - 4385 = -y*g. Is g composite?
False
Suppose -u + 54125 = -k, -u + 2*k = -6*u + 270597. Is u composite?
False
Is (-6458226893)/6938*(-3 + (0 - -1)) prime?
True
Suppose -4*w - 101 + 37 = -4*t, 4*t = -5*w - 89. Let m be (4 + -2)*w/(-17). Suppose 2*g - 7632 = -m*g + 4*n, -3*n = 3. Is g prime?
True
Let l be (10/5)/((-1)/(-2063)). Suppose 4786 + l = 16*h. Is h prime?
True
Let x(y) = 40*y + 6. Let l be x(2). Let d(h) = 6*h**2 - 3*h - 12. Let j be d(10). Suppose 0 = -4*n - l + j. Is n composite?
True
Suppose -4*f + 92925 = -9*z + 10*z, -5*z + 464602 = -3*f. Is z a prime number?
True
Suppose -297*h = -295*h - 98538. Suppose h = 25*g - 50456. Is g a prime number?
True
Let f(i) = 342*i**2 + i + 1. Let p be f(2). Let z(r) = 204*r + 12. Let l be z(-3). Let m = p + l. Is m prime?
False
Suppose 0 = -107*x + 90*x + 714. Let u = 179 - 294. Let o = x - u. Is o a prime number?
True
Suppose -4*d = -2 - 2. Suppose 325*p - 288 = 319*p. Is (d*-591)/((-72)/p) a composite number?
True
Suppose -3*g + 53*y - 48*y = -1068254, 0 = g - 4*y - 356073. Is g a prime number?
True
Suppose 3*p = 3*p + 2*p. Suppose p = -r + 3112 + 303. Is r a composite number?
True
Let a be -94 - 0 - (8 - 6). Let m = a - -40. Is (-9)/(108/m)*3 a composite number?
True
Suppose 0 = 5*l - 8*l + 9. Suppose -6*i = -5*i - z - 6, -i = -2*z - 10. Suppose l*q - 10316 = -q - i*x, 4*q = -5*x + 10316. Is q composite?
False
Suppose 2976 = 2*w + 4*f, -5*w + 0*f + 7395 = f. Let x = 2889 - w. Is x composite?
True
Let y(z) = 945*z - 2. Let h = -42 - -49. Let v be y(h). Suppose 2*x + 3*t - 1136 = 3258, -3*x + t = -v. Is x composite?
False
Suppose 0 = -4*n - 5*o + 8967, 6*n = 2*n + 5*o + 8937. Let l = -1399 + n. Is l a prime number?
True
Suppose 2*o - 2*f - 1900 = -0*o, -4*f = 4*o - 3760. Let h = o + -368. Is (h/2)/((-6)/(-12)) a composite number?
False
Is -4 + (464/(-15))/(-8) + (-4140137)/(-15) a composite number?
True
Let p = -150 + 153. Suppose 2*d = 6, 3786 = -p*g + 6*g + 3*d. Is g a prime number?
True
Let d(i) = 2*i**2 + 7*i. Let x be d(-4). Suppose -1677 + 4129 = x*n. Is n a prime number?
True
Let j(l) = 21*l + 66. Let m(d) = -10*d - 33. Let o(k) = 6*j(k) + 13*m(k). Let i be o(-9). Is ((-3637)/(-2))/(i + (-10)/4) prime?
True
Suppose 0 = -144*w + 142*w + 145910. Suppose -w = -7*i + 2*i. Is i a prime number?
True
Is -5 - ((-56)/(-7) - 116496) a prime number?
True
Is 257836/(-730)*(-209 + -1) + 5 a prime number?
True
Is (-24)/456 + 1774050/19 composite?
False
Suppose 1119*n - 1172*n = -4359197. Is n composite?
True
Suppose 33 = -5*l + 203. Suppose 0 = c + 5*m - 7*m - 10, 0 = 3*c - 5*m - l. Suppose -17*r + c*r - 527 = 0. Is r a prime number?
False
Let q(f) = 21 - 4*f**2 - 6*f**2 + 14*f - f**2 - 6*f**3 - 8*f**2 + 4*f**2. Is q(-12) a prime number?
False
Suppose -5*g + 17 = -3. Let s = -1146 - -1146. Suppose -3461 = -5*x + 2*p, -g*x + s*p + p = -2767. Is x composite?
False
Is 2*((-184151)/(-4) + (-30)/(-40)) a composite number?
False
Let w = 7090 + 877. Is w a composite number?
True
Suppose 599*h - 614*h = -14006805. Is h composite?
False
Let h = -2 - -22. Suppose -3*t - h = 7*t. Is (-2465)/(-6) + -3*t/36 a prime number?
False
Let f be 10850/8 + (11 - 7)/(-16). Let d = 2077 + 643. Suppose -4*j = -4*x + d, -2*x + 0*j - 2*j + f = 0. Is x prime?
False
Suppose 2*w + w = -4*r + 3645994, -7*w + 3645970 = 4*r. Is r a composite number?
False
Let w(u) = -u + 195. Let q be 0*((-4)/(-8) - 0). Let y be w(q). Suppose 3*s = -y + 1368. Is s a composite number?
True
Suppose -y + 12355 = 2*w, -18453 = -2*y + 3*w + 6250. Is y composite?
True
Suppose 261*c - 7740 = 255*c. Let p = -937 + 1641. Let g = c - p. Is g prime?
False
Suppose -j - 1264 - 2538 = -u, 3*u - 5*j - 11406 = 0. Is u a composite number?
True
Let y = 331 + -330. Is 9/(-4)*(27356/(-12) + y) a composite number?
True
Suppose 0 = -581*v + 572*v + 167274. Is v composite?
True
Let h = 17961 - 11434. Is h prime?
False
Suppose 9681393 = 27*b - 2837778. Is b prime?
False
Let v = -5648 + 14236. Suppose -z = -v - 5851. Is z a prime number?
False
Let v = -4338 + 809. Let m = v + 5186. Is m a prime number?
True
Suppose 2*n + z - 560482 = 0, -4*n + 1152295 - 31331 = -3*z. Is n composite?
True
Let k be -4*(54/(-8) - -6). Suppose -k*a = y - 5851, 0*a - 4*y + 5863 = 3*a. Is a prime?
True
Suppose -11*g = -4*u - 8*g + 8, 5*u = -g + 29. Suppose u*c + 32 = 52. Suppose 0 = 5*y + h - 19048, 2*y = -0*h + c*h + 7606. Is y a prime number?
False
Let r be (-5)/20 + (-180)/(-16). Suppose 23027 = r*g + 3700. Is g prime?
False
Let u(k) = -364832*k - 20623. Is u(-10) a prime number?
False
Let r(c) = -c - 11. Let v be r(-15). Suppose 43 = 5*k + 5*n + 3, -v*k + 34 = 5*n. Is k/(-6)*(-203)/1 composite?
True
Suppose 12218 = 4*k + 1330. Is (20/40)/(1/k) a prime number?
True
Let x(b) = 3*b**2 + 28*b - 15. Let s(z) = -3*z - 16. Let o be 1/(-2)*(1 - (-2)/(-2)). Let q be s(o). Is x(q) prime?
False
Let s = -41 + 44. Suppose 4*h - 2368 = -4*c, 0 = -4*h - h - s*c + 2950. Is h composite?
False
Let s(j) = j**3 - 35*j**2 + 28*j - 101. Let r be s(39). Let n = 10248 - r. Is n composite?
True
Let n be 2 + -4 + (1 - -4). Let s = 113 - -2. Suppose s = 4*i - n*i. Is i composite?
True
Let m(t) = -31*t**2 + 4*t - 7. Let h be m(-5). Let z = h - -1160. Suppose 831 = r - z. Is r a prime number?
False
Is ((5/15)/((-1)/(-3)))/((-3)/(-114783)) prime?
True
Is 1*2*(3775257/18 - 28) composite?
False
Suppose -9*c = 17*c - 103246. Suppose -10556 = -15*k - c. Is k prime?
True
Let n(d) = -d**3 - 4*d**2 - 5*d - 4. Let u be n(-3). Let v be 4 + 0 + 4042 + u + -5. Let y = -2500 + v. Is y a composite number?
False
Let t(l) = 15100*l**2 + 2*l + 3. Let x = 24 - 25. Is t(x) a composite number?
False
Let u = 207 - 209. Let n(c) = -31 + 8*c + 36 + 360*c**2 - c - 3*c. Is n(u) prime?
False
Let f(g) = -2*g - 20. Let h be f(-11). Suppose h*o - 1869 = -5*o. Suppose -19*i + 22*i = o. Is i a prime number?
True
Let m be (-5072)/(-22) - (-90)/(-165). Let n(w) = 109*w + 4. Let g be n(3). Suppose -g = -17*b + m. Is b prime?
False
Let a = -30087 + 53294. Is a composite?
True
Let s(a) = 5227*a + 135. Let f(n) = -n. Let p(w) = -3*f(w) - s(w). Is p(-7) prime?
True
Is (-17164740)/(-28) - -5 - (5 - (-96)/(-21)) composite?
True
Let a(k) = k**2 - 10*k + 11. Let o be a(9). Suppose 2 = -o*d - 2. Is (191/d)/(63/(-14) + 4) a composite number?
False
Suppose 3*k - 36 = 3*y, 2*k - 30 + 5 = 3*y. Is k/(44/(-20))*-2833 a composite number?
True
Let p(l) = 772*l - 3. Let i(b) = 257*b - 1. Let d(h) = -11*i(h) + 4*p(h). Is d(2) composite?
False
Suppose -2*c + 23276 = 6*a - 2*a, 0 = -5*c - 2*a + 58214. Suppose -18*i = -c - 7922. Is i a composite number?
False
Suppose 3*l - 4*t + 41 = -2*l, 0 = 5*l - 2*t + 43. Let d = -1 - l. Suppose 0 = -d*a + 117 + 563. Is a prime?
False
Suppose -61*n = -47*n - 287098. Is n composite?
False
Suppose b + 20798 = s + 2284, 5*b = -s + 18484. Is s a composite number?
True
Suppose -5*u = t + 214, 65*t = 62*t + 2*u - 608. Is ((-1)/(6/20477))/(34/t) composite?
False
Suppose 3*p - o = 30496, 9*o = -5*p + 6*o + 50850. Suppose 39*g = 36*g + p. Is g a composite number?
False
Let j(r) = 15 - 7 - 1 + 26 + 5 + 283*r. Is j(3) a prime number?
True
Let j = -52844 + 78292. Suppose -2*k = -73012 -